ctors of 48.
2, 3
What are the prime factors of 3247?
17, 191
What are the prime factors of 2677?
2677
What are the prime factors of 4698?
2, 3, 29
List the prime factors of 12539.
12539
List the prime factors of 16527.
3, 7, 787
List the prime factors of 5456.
2, 11, 31
What are the prime factors of 30465?
3, 5, 677
List the prime factors of 906.
2, 3, 151
List the prime factors of 4577.
23, 199
What are the prime factors of 13299?
3, 11, 13, 31
List the prime factors of 31577.
7, 13, 347
List the prime factors of 3694.
2, 1847
What are the prime factors of 34517?
7, 4931
What are the prime factors of 103340?
2, 5, 5167
What are the prime factors of 26500?
2, 5, 53
List the prime factors of 305.
5, 61
List the prime factors of 7150.
2, 5, 11, 13
What are the prime factors of 24286?
2, 12143
List the prime factors of 343.
7
List the prime factors of 2360.
2, 5, 59
List the prime factors of 23108.
2, 53, 109
List the prime factors of 739.
739
List the prime factors of 12257.
7, 17, 103
List the prime factors of 2726.
2, 29, 47
List the prime factors of 7979.
79, 101
List the prime factors of 813.
3, 271
What are the prime factors of 129679?
11, 11789
What are the prime factors of 7558?
2, 3779
List the prime factors of 6389.
6389
What are the prime factors of 672?
2, 3, 7
What are the prime factors of 81144?
2, 3, 7, 23
List the prime factors of 71133.
3, 131, 181
What are the prime factors of 766?
2, 383
List the prime factors of 2200.
2, 5, 11
What are the prime factors of 887?
887
List the prime factors of 18746.
2, 7, 13, 103
List the prime factors of 1147.
31, 37
What are the prime factors of 13672?
2, 1709
List the prime factors of 1033.
1033
List the prime factors of 818.
2, 409
What are the prime factors of 60708?
2, 3, 5059
What are the prime factors of 171?
3, 19
List the prime factors of 1473.
3, 491
List the prime factors of 29216.
2, 11, 83
List the prime factors of 7892.
2, 1973
List the prime factors of 40025.
5, 1601
What are the prime factors of 10454?
2, 5227
What are the prime factors of 222?
2, 3, 37
List the prime factors of 3122.
2, 7, 223
What are the prime factors of 3458?
2, 7, 13, 19
What are the prime factors of 28449?
3, 29, 109
List the prime factors of 107685.
3, 5, 2393
What are the prime factors of 8330?
2, 5, 7, 17
List the prime factors of 301.
7, 43
List the prime factors of 4957.
4957
What are the prime factors of 57543?
3, 19181
What are the prime factors of 5260?
2, 5, 263
List the prime factors of 687.
3, 229
List the prime factors of 87982.
2, 43991
What are the prime factors of 4459?
7, 13
What are the prime factors of 2298?
2, 3, 383
List the prime factors of 112951.
112951
List the prime factors of 2938.
2, 13, 113
List the prime factors of 36607.
36607
What are the prime factors of 19383?
3, 7, 13, 71
What are the prime factors of 405?
3, 5
What are the prime factors of 19485?
3, 5, 433
List the prime factors of 53799.
3, 79, 227
What are the prime factors of 136636?
2, 34159
What are the prime factors of 36862?
2, 7, 2633
What are the prime factors of 359?
359
What are the prime factors of 1837?
11, 167
What are the prime factors of 305?
5, 61
List the prime factors of 34661.
11, 23, 137
What are the prime factors of 27488?
2, 859
What are the prime factors of 3521?
7, 503
What are the prime factors of 322?
2, 7, 23
List the prime factors of 52636.
2, 13159
What are the prime factors of 63555?
3, 5, 19, 223
What are the prime factors of 2069?
2069
What are the prime factors of 134?
2, 67
What are the prime factors of 40362?
2, 3, 7, 31
List the prime factors of 273.
3, 7, 13
List the prime factors of 852.
2, 3, 71
What are the prime factors of 8824?
2, 1103
List the prime factors of 11068.
2, 2767
What are the prime factors of 1346?
2, 673
List the prime factors of 76708.
2, 127, 151
What are the prime factors of 5459?
53, 103
List the prime factors of 832.
2, 13
List the prime factors of 2615.
5, 523
What are the prime factors of 139308?
2, 3, 13, 19, 47
List the prime factors of 6247.
6247
List the prime factors of 352.
2, 11
What are the prime factors of 1430?
2, 5, 11, 13
List the prime factors of 4085.
5, 19, 43
List the prime factors of 1827.
3, 7, 29
What are the prime factors of 1597?
1597
What are the prime factors of 818?
2, 409
What are the prime factors of 846?
2, 3, 47
What are the prime factors of 4671?
3, 173
What are the prime factors of 77748?
2, 3, 11, 19, 31
List the prime factors of 7629.
3, 2543
List the prime factors of 58997.
58997
List the prime factors of 70592.
2, 1103
List the prime factors of 29308.
2, 17, 431
List the prime factors of 1027.
13, 79
List the prime factors of 833.
7, 17
List the prime factors of 92076.
2, 3, 7673
What are the prime factors of 37718?
2, 18859
What are the prime factors of 6169?
31, 199
What are the prime factors of 11675?
5, 467
What are the prime factors of 16624?
2, 1039
List the prime factors of 21.
3, 7
What are the prime factors of 10002?
2, 3, 1667
What are the prime factors of 6050?
2, 5, 11
List the prime factors of 8147.
8147
List the prime factors of 2232.
2, 3, 31
What are the prime factors of 1892?
2, 11, 43
List the prime factors of 54525.
3, 5, 727
What are the prime factors of 1337?
7, 191
List the prime factors of 352.
2, 11
List the prime factors of 7654.
2, 43, 89
List the prime factors of 30235.
5, 6047
List the prime factors of 42664.
2, 5333
List the prime factors of 656.
2, 41
What are the prime factors of 1652?
2, 7, 59
List the prime factors of 25146.
2, 3, 11, 127
List the prime factors of 858.
2, 3, 11, 13
What are the prime factors of 3539?
3539
List the prime factors of 34418.
2, 17209
What are the prime factors of 112581?
3, 7, 1787
List the prime factors of 626.
2, 313
What are the prime factors of 341?
11, 31
List the prime factors of 1339.
13, 103
What are the prime factors of 10901?
11, 991
List the prime factors of 22529.
13, 1733
List the prime factors of 1557.
3, 173
List the prime factors of 77796.
2, 3, 2161
What are the prime factors of 320?
2, 5
What are the prime factors of 37053?
3, 23, 179
List the prime factors of 123950.
2, 5, 37, 67
What are the prime factors of 2027?
2027
What are the prime factors of 617?
617
List the prime factors of 5027.
11, 457
What are the prime factors of 13852?
2, 3463
List the prime factors of 1808.
2, 113
What are the prime factors of 4335?
3, 5, 17
What are the prime factors of 397?
397
List the prime factors of 11706.
2, 3, 1951
List the prime factors of 1594.
2, 797
What are the prime factors of 43851?
3, 47, 311
What are the prime factors of 13973?
89, 157
What are the prime factors of 551?
19, 29
List the prime factors of 4478.
2, 2239
List the prime factors of 74396.
2, 7, 2657
List the prime factors of 915.
3, 5, 61
What are the prime factors of 68783?
11, 13, 37
List the prime factors of 1150.
2, 5, 23
What are the prime factors of 104461?
7, 14923
What are the prime factors of 44?
2, 11
List the prime factors of 1533.
3, 7, 73
List the prime factors of 65488.
2, 4093
What are the prime factors of 7864?
2, 983
What are the prime factors of 98157?
3, 32719
What are the prime factors of 15031?
15031
List the prime factors of 3680.
2, 5, 23
What are the prime factors of 12246?
2, 3, 13, 157
What are the prime factors of 3406?
2, 13, 131
What are the prime factors of 5936?
2, 7, 53
What are the prime factors of 101?
101
List the prime factors of 9309.
3, 29, 107
What are the prime factors of 18386?
2, 29, 317
What are the prime factors of 9939?
3, 3313
What are the prime factors of 1485?
3, 5, 11
What are the prime factors of 31773?
3, 7, 17, 89
List the prime factors of 59329.
79, 751
List the prime factors of 4678.
2, 2339
List the prime factors of 129274.
2, 109, 593
What are the prime factors of 2912?
2, 7, 13
List the prime factors of 129546.
2, 3, 2399
List the prime factors of 347.
347
List the prime factors of 951.
3, 317
List the prime factors of 4464.
2, 3, 31
What are the prime factors of 4280?
2, 5, 107
What are the prime factors of 48760?
2, 5, 23, 53
What are the prime factors of 4370?
2, 5, 19, 23
What are the prime factors of 643?
643
List the prime factors of 19974.
2, 3, 3329
List the prime factors of 39313.
39313
What are the prime factors of